 - 580, 2*g = -3*k + 850. What is the units digit of k/11*(-3)/(-2)?
9
Let h(d) = -9*d + 18. Let y be h(-6). Suppose 3*r - 4*r = -y. What is the tens digit of r?
7
Let o = 3 - 10. Let k(l) = l**3 + 7*l**2 - l - 10. Let q be k(o). Let r = q - -24. What is the units digit of r?
1
Let p = -2 - -9. Suppose -f - 2*x + 4 = -0*x, -f - 5*x = -p. Suppose f*i = 4*z - 122, 5*z - 125 = z + 3*i. What is the tens digit of z?
2
Suppose 307 + 65 = -6*p. Let j = 112 + p. What is the tens digit of j?
5
Suppose -3984 = -15*n + 14916. What is the hundreds digit of n?
2
Suppose -16*g = -29130 - 62710. What is the tens digit of g?
4
Let u(g) = 32*g**3 - 9*g**2 + 104*g + 3. What is the thousands digit of u(5)?
4
Let j(u) = 3*u**2 - 80*u + 4. What is the units digit of j(-9)?
7
Suppose -4*b + 17509 = f, -5*b = f - 10591 - 11296. What is the tens digit of b?
7
Suppose -2*z = -3*z + 7. Let u = 12 - z. Let c(n) = 7*n - 8. What is the units digit of c(u)?
7
Let p = 1476 + -1040. What is the units digit of p?
6
Suppose -17 = -5*c + 2*p - 3, 3*c = -5*p - 4. Let r(v) be the first derivative of v**2 - 1. What is the units digit of r(c)?
4
Suppose 4*z - 8*z - o + 18 = 0, 3*o - 10 = -z. What is the units digit of 8/(((-176)/(-14))/z + -3)?
6
Let u = 7 + 4. Let p(r) = -4*r**2 + 3*r - 2. Let n be p(2). Let b = u - n. What is the units digit of b?
3
Let l(o) = o**3 + 6*o**2 + 8*o + 4. Let t be l(-3). Suppose t*w - 134 = 559. What is the units digit of w?
9
Let j(r) = r**3 - 4*r**2 + 47*r - 19. What is the hundreds digit of j(10)?
0
Suppose 2*n - 3*u = -8, 3 + 3 = n + u. Suppose 2 = -o - n. Let p(l) = -6*l - 4. What is the units digit of p(o)?
0
Let k = 1875 - 1360. What is the hundreds digit of k?
5
Suppose -236 = -4*t + 4036. What is the units digit of t?
8
Suppose -4*l - 584 = -3*s + 1082, 0 = 4*s + 5*l - 2180. What is the hundreds digit of s?
5
Let f be (-1)/5 + 336/(-20). Let n = -15 - f. What is the units digit of n + (31 - 3 - -1)?
1
Suppose 4*t = -62 - 94. What is the units digit of (-6)/4 - t/2?
8
Let b = -2146 - -3081. What is the tens digit of b?
3
Let a = 35 + -26. Suppose 24 = 7*i - 4*i. Suppose -5*h + a*h = i. What is the units digit of h?
2
Let s(a) = 13*a - 11. Suppose c + 2*r - 8 = 0, -2*r + 16 = c + 2*c. What is the units digit of s(c)?
1
Suppose 0 = 6*g - g - 15. Suppose -v - 3*v + 9 = 5*c, -3*c + 2*v + 23 = 0. Suppose -g*i = -c*i + 120. What is the units digit of i?
0
Let m be 3*49/3*(0 - -1). Suppose m = z - 4*f, -z + 3*f = z - 83. What is the tens digit of z?
3
Let q(b) = -5*b + 16. Suppose 0 = -4*v - 5*a - 65, -3 = -v - a - 18. What is the tens digit of q(v)?
6
Let b(y) = 34*y. Let g be b(1). Suppose -2*z = g + 18. What is the tens digit of (-461)/(-9) - z/(-117)?
5
Let k be (-5 - 2 - 2)*(-79)/3. Suppose k = 6*l - 117. What is the units digit of l?
9
Let u = -267 - -372. What is the hundreds digit of u?
1
Let l(u) be the third derivative of u**5/60 + 5*u**4/24 + 5*u**3/6 - 15*u**2. Let s be l(-4). What is the units digit of s/(4 - 3) + 2?
3
Suppose 78*v - 27995 = 9991. What is the units digit of v?
7
Let y(r) be the second derivative of 5*r**4/12 + 5*r**3/3 - 19*r**2/2 + 31*r. What is the tens digit of y(5)?
5
What is the tens digit of (-3105)/(-5) - (2 - 5)/1?
2
Let u be 84/48 + (-2)/(-8). Suppose 0 = 5*c + 27 - u, -4*c - 86 = -3*n. What is the tens digit of n?
2
Let g be 2 + (-1 + -3)/(-1). Suppose f - 5*x = -22, -3*f + g*x = 2*x + 22. What is the tens digit of 26 + (-1 + f)*-1?
2
Let c = 26 - 22. What is the units digit of (213*c/12)/1?
1
Let y be ((-9)/(6 - 3) - 2)*-1. Suppose -y*s - 252 = -757. What is the tens digit of s?
0
Suppose 2*d = o - 2 - 3, -5 = -d - o. Suppose -2*m + d*m = -62. Let u = -17 + m. What is the tens digit of u?
1
Let l(d) = 3*d**2 - 12*d - 126. What is the units digit of l(15)?
9
Suppose 8 = -5*k + 28. Suppose 0 = 4*v + 20, -v - 119 = -2*w - k*v. What is the tens digit of w?
6
Let q(s) = 2*s**2 + 10*s - 110. What is the hundreds digit of q(14)?
4
Let h(l) = 2*l - 12. Let r be h(7). Suppose z = r*z + 1. What is the tens digit of ((z - 10) + 2)*-2?
1
Let d(j) = 16*j**2 + 109*j - 16. What is the hundreds digit of d(-18)?
2
Let t = -111 + 77. Let n(z) = z**3 - 5*z**2 - 5*z + 16. Let f be n(7). Let x = f + t. What is the units digit of x?
5
Suppose 0 = -2*g - 0*g - 10. What is the units digit of ((-3)/g - -1)*(-125)/(-10)?
0
Suppose -5*f - 2285 = -4*u, -5*u + 2790 = 5*f - 10. What is the hundreds digit of u?
5
Suppose 2*h - 5*q + 33 = 3*h, 3*h + q = 155. What is the units digit of h?
3
Let w(t) = t**3 - 10*t**2 + 14*t - 6. Let z = 9 - -24. Let x = 42 - z. What is the units digit of w(x)?
9
Let y(g) = g**2 + 6*g - 473. What is the tens digit of y(-61)?
8
Let x(u) = 25*u**2 - 5*u - 2. Suppose 2*i = 4*c, -2 = 3*c - 4*c + i. What is the units digit of x(c)?
8
Let u = -8 - -295. What is the tens digit of u?
8
Let j(k) = k**3 - 3*k - 1. Let g be j(-1). Let f(u) = 274*u - 4. What is the hundreds digit of f(g)?
2
Let o = 27 + -7. Suppose 6*s - s = o. Suppose -s*g - 175 = -5*f + g, 0 = 3*f + g - 109. What is the units digit of f?
6
Suppose 0 = -0*m - 4*m - 12. Let y = m - -8. What is the units digit of y?
5
Suppose -5*v + 3106 = -3*h, -2*v + 792 = -2*h - 452. Suppose 10*x = 14*x - v. What is the units digit of x?
5
Let z(h) be the third derivative of -h**6/360 - h**5/12 + h**4/8 - 5*h**3/6 + h**2. Let x(r) be the first derivative of z(r). What is the units digit of x(-7)?
4
Let a = -439 + 792. What is the hundreds digit of a?
3
Suppose -11 = b - 10. Let r = b + 37. What is the units digit of r?
6
Let v = 11 - 14. Suppose -4*b - 7 = 1. What is the units digit of (3/b)/(v/56)?
8
Suppose w - 1548 = -11*z + 8*z, 7698 = 5*w + z. What is the thousands digit of w?
1
Let d = 103 + -56. Suppose d*j - 49*j = -16. What is the units digit of j?
8
Let z = 6861 - 3852. What is the tens digit of z?
0
Let o(g) = 2*g**2 - 2*g + 1. Let s be o(3). Let q(k) = 2*k**3 - 23*k + s*k**2 - 3*k**3 + 12*k - 11. What is the units digit of q(12)?
1
Suppose 0 = 4*h - 16, -5*h - 432 = -4*p - 64. Let m = 2 + -51. Let v = m + p. What is the tens digit of v?
4
Let u be 25/4 + -2 + 3/(-12). What is the units digit of ((-44)/3 + 4)*(-6)/u?
6
Let l(u) be the first derivative of -2*u**2 - 5*u + 2. Let f = -66 - -60. What is the tens digit of l(f)?
1
Suppose -4*v = 3*c - 5375, 0 = 2*c - 9 + 7. What is the tens digit of v?
4
Let y(z) be the third derivative of -z**5/60 + z**4/6 - z**3 - z**2. Let b be y(6). Let j = 30 + b. What is the tens digit of j?
1
Let f(r) = -2*r**3 - 50*r**2 - 51*r + 73. What is the hundreds digit of f(-25)?
3
Let m be -1 - -98 - (-1 - (0 - 1)). Suppose 3*x + m = 2*t, 2*t + t = x + 156. What is the units digit of t?
3
Suppose 43 = -c + 39. What is the units digit of 1070/12 - c/(-24)?
9
Let p = -1112 - -1908. What is the hundreds digit of p?
7
What is the units digit of (8556/(-108)*3)/(1/(-3))?
3
Suppose -118 - 407 = 7*q. Let c = 138 + q. What is the units digit of c?
3
Let w be (-2)/(-4)*0/7. Suppose -3*u = 4*o - w*o - 43, 4*o = -u + 17. What is the units digit of (2/3)/(u/702)?
6
Let q(g) be the second derivative of g**4/6 + g**3/2 - 3*g**2/2 + 5*g. What is the units digit of q(4)?
1
Suppose 4*a + 2*h = h + 2493, -4*h = -5*a + 3090. What is the hundreds digit of a?
6
Suppose -3*j = -3*m - 2259, -3*j - 5*m - 454 = -2729. What is the hundreds digit of j?
7
Suppose 10*c - 2850 = 1580. What is the hundreds digit of c?
4
Suppose w - 5*l = 24, w = -3*l - 9 + 1. Let p be w/(-6) - 325/(-15). Let y = p + -15. What is the units digit of y?
6
Suppose 2*t = -4*d + 10, -d - 4*t + 0 = 1. Let a(o) = d*o**2 - o**2 + 2*o + 2*o - o**2 + 6. What is the units digit of a(-5)?
1
Suppose -11*c + 21827 = -28069. What is the thousands digit of c?
4
Let k be (2 + -3)/((-4)/(-16)). Let d = 37 - 67. Let c = k - d. What is the units digit of c?
6
Let w(z) = z**3 - 4*z**2 - 16*z + 11*z + 3*z**2 - 4*z**2. Let u be w(6). Let n(y) = y**3 - 4*y**2 - 4*y. What is the tens digit of n(u)?
4
Let q(h) = 445*h**2 - h - 1. What is the hundreds digit of q(1)?
4
Let c(h) = h**3 - 7*h**2 + h. Let a be c(7). Suppose -6*i - 126 = -a*i. What is the hundreds digit of i?
1
Suppose 0 = -118*b + 446312 - 87474. What is the tens digit of b?
4
Suppose -5*j + 4*r = -2*j - 4803, 0 = -3*j - 4*r + 4803. What i